f 68648?
2, 8581
List the prime factors of 4629047.
4629047
List the prime factors of 328076.
2, 7, 11717
List the prime factors of 6758393.
89, 75937
List the prime factors of 4262832.
2, 3, 7, 4229
List the prime factors of 15065672.
2, 17, 110777
What are the prime factors of 295500?
2, 3, 5, 197
List the prime factors of 1160476.
2, 290119
List the prime factors of 104035.
5, 20807
What are the prime factors of 78563?
251, 313
List the prime factors of 1022476.
2, 7, 13, 53
What are the prime factors of 4989618?
2, 3, 41, 6761
What are the prime factors of 12006045?
3, 5, 266801
What are the prime factors of 6292834?
2, 89, 35353
What are the prime factors of 449119?
11, 40829
What are the prime factors of 9575193?
3, 37, 86263
What are the prime factors of 81060?
2, 3, 5, 7, 193
List the prime factors of 1846244.
2, 461561
What are the prime factors of 5041804?
2, 313, 4027
What are the prime factors of 212293?
212293
List the prime factors of 15631.
7, 11, 29
What are the prime factors of 419284?
2, 37, 2833
What are the prime factors of 903629?
67, 13487
What are the prime factors of 821427?
3, 19, 14411
List the prime factors of 3137214.
2, 3, 17, 30757
What are the prime factors of 90318?
2, 3, 15053
What are the prime factors of 8295036?
2, 3, 389, 1777
What are the prime factors of 530392?
2, 167, 397
What are the prime factors of 7168967?
13, 31, 17789
What are the prime factors of 197810?
2, 5, 131, 151
What are the prime factors of 2853381?
3, 347, 2741
List the prime factors of 2033080.
2, 5, 7, 53, 137
What are the prime factors of 2455462?
2, 59, 20809
List the prime factors of 19823600.
2, 5, 49559
What are the prime factors of 12944986?
2, 283, 22871
What are the prime factors of 7650239?
7650239
List the prime factors of 126565.
5, 17, 1489
What are the prime factors of 189243?
3, 43, 163
What are the prime factors of 3141308?
2, 19, 41333
What are the prime factors of 1454232?
2, 3, 13, 59, 79
List the prime factors of 13449999.
3, 1201, 3733
What are the prime factors of 229731?
3, 73, 1049
List the prime factors of 164832.
2, 3, 17, 101
What are the prime factors of 1242448?
2, 19, 61, 67
List the prime factors of 16073689.
373, 43093
What are the prime factors of 12307?
31, 397
What are the prime factors of 539123?
13, 113, 367
List the prime factors of 157763.
79, 1997
What are the prime factors of 268658?
2, 13, 10333
List the prime factors of 3059004.
2, 3, 13, 19609
What are the prime factors of 2381116?
2, 41, 14519
What are the prime factors of 5069154?
2, 3, 23, 109, 337
List the prime factors of 2831728.
2, 176983
List the prime factors of 2886675.
3, 5, 11, 3499
What are the prime factors of 8903200?
2, 5, 31, 359
List the prime factors of 49092.
2, 3, 4091
What are the prime factors of 421626?
2, 3, 70271
What are the prime factors of 11221407?
3, 1246823
What are the prime factors of 64375?
5, 103
List the prime factors of 362628.
2, 3, 7, 1439
List the prime factors of 561238.
2, 17, 971
What are the prime factors of 823970?
2, 5, 7, 79, 149
List the prime factors of 649338.
2, 3, 108223
What are the prime factors of 2742033?
3, 7, 37, 3529
List the prime factors of 7780339.
7, 17, 65381
What are the prime factors of 1884840?
2, 3, 5, 113, 139
List the prime factors of 77334.
2, 3, 12889
What are the prime factors of 167173?
167173
List the prime factors of 167710.
2, 5, 31, 541
List the prime factors of 614856.
2, 3, 11, 17, 137
List the prime factors of 2803380.
2, 3, 5, 46723
List the prime factors of 152133.
3, 17, 19, 157
What are the prime factors of 1792421?
1019, 1759
List the prime factors of 1245004.
2, 439, 709
List the prime factors of 7928047.
41, 193367
List the prime factors of 180511.
180511
List the prime factors of 1084409.
41, 26449
What are the prime factors of 2595205?
5, 23, 22567
What are the prime factors of 88576?
2, 173
What are the prime factors of 3323638?
2, 23, 72253
List the prime factors of 805821.
3, 268607
What are the prime factors of 8262121?
7, 1180303
What are the prime factors of 3396161?
29, 117109
What are the prime factors of 5463449?
929, 5881
What are the prime factors of 567082?
2, 283541
What are the prime factors of 859025?
5, 34361
What are the prime factors of 680204?
2, 7, 17, 1429
What are the prime factors of 3452840?
2, 5, 37, 2333
List the prime factors of 19575551.
17, 29, 59, 673
List the prime factors of 888271.
888271
What are the prime factors of 714468?
2, 3, 59539
List the prime factors of 184078.
2, 31, 2969
List the prime factors of 3659713.
29, 97, 1301
What are the prime factors of 17927974?
2, 29, 103, 3001
What are the prime factors of 517618?
2, 258809
What are the prime factors of 8608434?
2, 3, 349, 4111
List the prime factors of 23243755.
5, 1091, 4261
List the prime factors of 7385535.
3, 5, 41, 4003
What are the prime factors of 9377553?
3, 127, 151, 163
List the prime factors of 223410.
2, 3, 5, 11, 677
List the prime factors of 227002.
2, 113501
What are the prime factors of 2379439?
17, 139967
List the prime factors of 626296.
2, 11, 647
What are the prime factors of 372198?
2, 3, 17, 41, 89
What are the prime factors of 906772?
2, 29, 7817
List the prime factors of 297835.
5, 59567
What are the prime factors of 119913?
3, 39971
List the prime factors of 123624.
2, 3, 17, 101
What are the prime factors of 134115?
3, 5, 8941
List the prime factors of 408579.
3, 136193
List the prime factors of 481732.
2, 83, 1451
What are the prime factors of 502204?
2, 125551
What are the prime factors of 1360978?
2, 680489
What are the prime factors of 1364370?
2, 3, 5, 7, 73, 89
What are the prime factors of 10063?
29, 347
List the prime factors of 53989.
13, 4153
List the prime factors of 1293902.
2, 523, 1237
What are the prime factors of 209941?
149, 1409
What are the prime factors of 18728292?
2, 3, 11, 53, 2677
List the prime factors of 17769220.
2, 5, 7, 126923
What are the prime factors of 527037?
3, 7, 25097
List the prime factors of 521364.
2, 3, 23, 1889
What are the prime factors of 6529558?
2, 7, 73, 6389
List the prime factors of 191831.
191831
What are the prime factors of 193029?
3, 37, 47
List the prime factors of 20487977.
20487977
List the prime factors of 3619907.
3619907
What are the prime factors of 13514897?
11, 47, 26141
What are the prime factors of 22089?
3, 37, 199
What are the prime factors of 4617892?
2, 1154473
What are the prime factors of 3165527?
59, 53653
List the prime factors of 615912.
2, 3, 11, 2333
List the prime factors of 592579.
13, 79, 577
List the prime factors of 2620323.
3, 107, 907
List the prime factors of 757764.
2, 3, 7, 31, 97
What are the prime factors of 57697?
57697
List the prime factors of 26734254.
2, 3, 19, 234511
List the prime factors of 2092776.
2, 3, 7, 12457
What are the prime factors of 12688872?
2, 3, 7, 47, 1607
What are the prime factors of 1233966?
2, 3, 205661
List the prime factors of 7377259.
7377259
What are the prime factors of 2542151?
2542151
List the prime factors of 11384040.
2, 3, 5, 19, 4993
What are the prime factors of 1716142?
2, 593, 1447
List the prime factors of 6820322.
2, 3410161
List the prime factors of 1444623.
3, 443, 1087
List the prime factors of 214018.
2, 7, 15287
List the prime factors of 262206.
2, 3, 7, 2081
What are the prime factors of 97986?
2, 3, 7, 2333
What are the prime factors of 680735?
5, 11, 12377
What are the prime factors of 2616157?
1153, 2269
List the prime factors of 306584.
2, 19, 2017
What are the prime factors of 3872?
2, 11
What are the prime factors of 130907?
7, 18701
List the prime factors of 1943837.
7, 277691
What are the prime factors of 74996?
2, 18749
List the prime factors of 3031897.
11, 25057
List the prime factors of 18734487.
3, 6244829
What are the prime factors of 1653070?
2, 5, 53, 3119
List the prime factors of 184985.
5, 36997
List the prime factors of 41941349.
41941349
List the prime factors of 2547462.
2, 3, 424577
What are the prime factors of 1454608?
2, 229, 397
What are the prime factors of 765019?
41, 47, 397
List the prime factors of 84349.
84349
List the prime factors of 29887842.
2, 3, 233, 21379
What are the prime factors of 7385026?
2, 11, 61, 5503
List the prime factors of 1010611.
7, 59, 2447
Wha